hat is the units digit of g/(-4)*40/(-15)?
6
Let b(w) = -w**3 - 7*w**2 + 7*w - 1. What is the units digit of b(-8)?
7
Suppose -3*n + 4*n - 56 = 0. What is the tens digit of n?
5
Suppose 0 = 2*p - 6*p - 28. Let q = 7 + p. Suppose q = 4*i + 20 - 48. What is the units digit of i?
7
Suppose 5*s = 935 + 910. What is the hundreds digit of s?
3
Suppose 4*y - 24 - 20 = 0. Let h(d) = -d**3 + 12*d**2 - 9*d - 16. Let w be h(y). What is the units digit of ((-3)/w)/((-2)/16)?
4
Suppose -4*b + 3*m = -29, -5*m + 37 = 2*b - 2*m. Let r(f) = -10*f + 5. Let a(j) = 2*j - 1. Let v(p) = b*a(p) + 2*r(p). What is the units digit of v(1)?
1
Let i = -5 - -6. Let v(x) = x - 13. Let u be v(6). What is the units digit of i + -3 + (-2 - u)?
3
What is the units digit of 0 - 0 - (1 - 4)?
3
Let u(a) = -a**3 - 6*a**2 + 3*a + 16. Let x(n) = 2*n**3 + 2*n**2 - n - 1. Let l be x(-2). What is the tens digit of u(l)?
4
Let f(y) = -y**2. Let p(k) = -3*k**2 + 6. Let i(j) = -2*f(j) + p(j). Suppose 3*q + 2*q = 0. What is the units digit of i(q)?
6
Suppose 5*f + 50 = 2*t + 2*f, -163 = -5*t - 2*f. What is the tens digit of t?
3
Let o be -5 + (-3)/(3/2). Let h = o + 8. What is the units digit of h?
1
Let k(n) = -n + 9. Let l be k(7). Suppose l*i + 4*p - p = -2, p = -2. Suppose -h = 5*q - 9, 2*q - 13 = -i*h - 3. What is the units digit of h?
4
Suppose -19 = -4*j + 17. Let t = -3 + j. Suppose 3*b = 18 - t. What is the units digit of b?
4
Let l(t) = 12*t + 34. What is the units digit of l(6)?
6
Suppose -5*j = 4*x, 4 = -3*j + x + 21. Let i = j - 0. What is the units digit of i?
4
What is the tens digit of (-8 - 502/8)*(-1 + -3)?
8
Let x(j) = 3*j + 6. Suppose 3*h + 10 - 40 = 3*c, 2*h = 5*c + 35. What is the units digit of x(h)?
1
What is the tens digit of 2/(-13) + (-1656)/(-117)?
1
Suppose 3*m = 2*b + 466, 314 = 2*m - 19*b + 17*b. What is the tens digit of m?
5
Suppose 2*d + 93 = 3*t, 2*t + 2*d = 3*d + 61. What is the units digit of t?
9
Let g = 6 + -4. Let m(y) = -5*y + 2. Let h be m(g). Let q = h + 15. What is the units digit of q?
7
Let r = 11 + 46. What is the tens digit of r?
5
What is the units digit of (-30)/(-6)*(-4)/(-10)?
2
Let j(v) = v**2 + 2*v + 8. What is the units digit of j(-7)?
3
Let j = -115 + 170. What is the units digit of j?
5
Let n = 1 + 2. What is the units digit of 3*(6 + 0) - n?
5
Let i = 10 + -5. Let s = i + -2. What is the units digit of ((-9)/(-12))/(s/12)?
3
Let a(m) = -2*m**3 + m**3 + 6 - 7 + 4*m**2 + 0*m - m. What is the units digit of a(2)?
5
Let z(k) = k - 21. Let b be z(0). Let r = -18 - b. What is the units digit of r?
3
Suppose -6*k + 3*k + 162 = 0. What is the tens digit of k?
5
Let c = 8 + -2. Let r(k) be the third derivative of -k**5/60 + 7*k**4/24 + k**3/6 - 5*k**2. What is the units digit of r(c)?
7
Suppose 2*i + 2*g - 20 = 0, 5*g = i + 3*i - 13. What is the units digit of i?
7
Let s(k) = k + 20. Suppose 0 = -3*i + 5*i + 18. What is the units digit of s(i)?
1
Let n(b) = b + 1 - 2 - 2*b. Let w be n(-5). Suppose -w*i = -4*m + 8, 3*m - 24 = -5*i + 6. What is the units digit of i?
3
Let d = -110 - -241. What is the hundreds digit of d?
1
Let v = -3 + 5. Suppose -5*c + v*c = -12. Suppose 37 = 2*f + 5*p, -20 = -c*p - 0*p. What is the units digit of f?
6
Let m = 2 + 12. Let q = m - 2. What is the tens digit of q?
1
Suppose 441 = 11*x - 4*x. What is the units digit of x?
3
Let a(u) = -8*u**3 - 4*u**2 + 10. What is the units digit of a(-3)?
0
Suppose -42 = -2*u - 4*u. What is the units digit of u?
7
Let p = 133 - 111. What is the units digit of p?
2
What is the units digit of 6/(-10) + (-1090)/(-25)?
3
Let r(o) = -o - 4. Let g be r(-4). Suppose k + j = -g*k, -k - 8 = 5*j. Suppose y + 3*w + 0 + 5 = 0, k*y + 2*w = 2. What is the units digit of y?
4
Let h(y) be the third derivative of -2*y**2 + 5/6*y**3 + 0*y + 1/120*y**6 + 0 + 0*y**4 + 1/12*y**5. What is the units digit of h(-5)?
5
Let d = -239 + 411. What is the hundreds digit of d?
1
Suppose -10 = 2*d - 3*n, -9 = -3*d - 2*n + 2. Let m be 14/2 - d - 0. What is the units digit of (-10)/15 - (-46)/m?
7
Let p(j) = 2*j**2 - 3*j + 4. Let w be p(4). Suppose 7*k - 6*k = w. Suppose -2*z = 2*z - k. What is the units digit of z?
6
Let f(b) = -2*b**2 + b**2 - 3 - 5*b + 4. Suppose -8*k - 21 = -3*k - 4*u, 3 = -k + 2*u. What is the units digit of f(k)?
1
Suppose n + 0*u - u = -18, -5*u = -4*n - 77. What is the tens digit of 4*(n/(-4) + 0)?
1
Let z(v) = -v**3 + 8*v**2 + 10*v - 7. Let y be z(9). Suppose 15 + 3 = y*b. Suppose q + 2*n - b = 4*n, -3*n = 5*q - 6. What is the units digit of q?
3
Suppose 2*u - 6 = 4. Suppose -4*n = -u*n + 10. What is the units digit of n?
0
Let f be 8/6*6/4. Suppose f*c = 4*l - 12, -c + l = -0*c + 9. Let z = c - -23. What is the units digit of z?
1
Let d(w) = w**3 + 5*w**2 + w + 7. Suppose -2*k - 4 - 6 = 0. What is the units digit of d(k)?
2
Let z be 8/(-6)*(-9)/2. Let m = 10 - z. What is the units digit of (-3 - -12) + m + -2?
1
Let d be ((-125)/2)/(4/(-8)). Suppose 0*s + d = 3*w - 4*s, 5*w - 180 = s. What is the tens digit of w?
3
Suppose 3*x = 4*x - 3. Suppose 4 = -x*g + 22. What is the units digit of (-2 - (-14)/4)*g?
9
Let j be 6/9 - (-4)/(-6). Suppose -2*d = -2*u + 2*d + 20, -3*u - 5*d - 3 = j. Suppose u*g + 6 = g, 5*m + 3*g - 69 = 0. What is the units digit of m?
5
Let x = 18 - 10. Let j(c) = -c**2 + 10*c - 6. What is the tens digit of j(x)?
1
Let o = 1 - -6. Let g = -13 + o. Let k(a) = -2*a - 4. What is the units digit of k(g)?
8
Suppose 0 = a + 2*l - 20, 4*a + 5*l - 127 + 38 = 0. What is the tens digit of a?
2
Let t be -1 - (-6 - -2) - 1. Suppose 5*x = -5*s + 10, -4*x = -s + t - 10. What is the units digit of (s - 1) + 0 + 3?
2
Let w(z) = -z**3 + 8*z**2 + 8*z + 8. Let c = 13 + -4. Let j be w(c). What is the units digit of 1 + (-2)/j + 0?
3
Suppose 5*o + 5 = -u, 0*u = 2*u + o - 17. Suppose t = 3*t - u. What is the units digit of t?
5
Let d = -3 - -1. Let h(k) = -2*k + 1. Let p be h(d). What is the units digit of (-2)/(-5) - (-33)/p?
7
Let s(q) = -30*q + 5. What is the units digit of s(-3)?
5
Suppose -j + 0*j = -3. Suppose 8 = 4*k - 4*a, 0 = 3*k + 2*a - a - 2. Suppose k - j = -h. What is the units digit of h?
2
What is the tens digit of ((3 - 1) + -5)*63/(-3)?
6
Suppose o + 4*o - 2*d = 128, -2*d + 2 = 0. What is the units digit of o?
6
Suppose l = w - 68, -5*w - 3*l - 2*l + 370 = 0. Suppose 5*s - 3*r = 109, -w = -4*s - 0*s - 3*r. Suppose -2*d = -7*d + s. What is the units digit of d?
4
Let o(a) = a**2 + 15*a - 32. What is the units digit of o(-19)?
4
Let b(x) = 5*x**3 - x - 1. What is the units digit of b(2)?
7
Let m = -101 - -177. Let a = m + -42. What is the units digit of a?
4
Let k(i) be the third derivative of i**7/2520 + i**5/120 + i**4/12 + 3*i**2. Let j(o) be the second derivative of k(o). What is the units digit of j(-1)?
2
Let o(c) = -13*c. What is the tens digit of o(-1)?
1
Suppose 0*r - 9*r = -738. What is the tens digit of r?
8
What is the units digit of 3 - (-2)/2 - 3?
1
Let a be (0/2)/((-1)/(-1)). Suppose a = -3*z + 6*z - 24. What is the units digit of z?
8
Let z(c) = 2*c. Let n be z(2). Let y be n/(-14) - 200/35. What is the units digit of (-2)/((15/y)/5)?
4
Let n = 8 - -5. Let o = -6 + n. What is the units digit of o?
7
Suppose 5*b - r = -55, b - 5*r = 2*b - 15. Let g = 16 + b. What is the units digit of g?
6
Let w = -207 + 462. What is the units digit of w?
5
Suppose 4*g + 7 = -5. Let r be (-1)/(-3) - 17/g. Suppose -2*i = -r*i + 36. What is the units digit of i?
9
Let j(n) = -n**3 - 4*n**2 + 4*n + 5. Let s be j(-5). Let l = -6 + s. Suppose -4*r = -3*o - 32, -3*o = -l*o - 4. What is the units digit of r?
5
Suppose 0 = -3*c - 3*m + 84, -c = -5*c + 2*m + 136. What is the tens digit of c?
3
Let c be (2/7)/(1/7). Let q be 0/c + 0 + 14. Suppose -q = -4*l - 2. What is the units digit of l?
3
Suppose -2*s - 4*l + 184 = -0*s, 0 = s + 3*l - 95. What is the units digit of s?
6
Let x be (-303)/(-6) - (-9)/6. Let y = -32 + x. What is the tens digit of y?
2
Let w be (-7)/(-3) - 4/(-6). Let a = 1 - w. What is the units digit of -12*((-2)/(-3))/a?
4
Let k = -111 + 246. Suppose x = 6*x - k. What is the tens digit of x?
2
Suppose 5*f + 2 = -h - 0, -3*f = h - 2. What is the units digit of 3/((-12)/h) - -38?
6
Let y = 16 - 5. Suppose -v + y = 3. What is the units digit of v?
8
Let c(p) = -p**